37
What are the prime factors of 3856?
2, 241
What are the prime factors of 5318?
2, 2659
What are the prime factors of 1617?
3, 7, 11
List the prime factors of 808.
2, 101
What are the prime factors of 3408?
2, 3, 71
List the prime factors of 50998.
2, 43, 593
What are the prime factors of 3439?
19, 181
What are the prime factors of 28849?
17, 1697
List the prime factors of 2151.
3, 239
What are the prime factors of 3101?
7, 443
What are the prime factors of 18613?
7, 2659
List the prime factors of 83.
83
List the prime factors of 21958.
2, 10979
What are the prime factors of 24903?
3, 2767
What are the prime factors of 109?
109
List the prime factors of 19157.
19157
What are the prime factors of 3351?
3, 1117
What are the prime factors of 5145?
3, 5, 7
List the prime factors of 45116.
2, 11279
What are the prime factors of 268?
2, 67
List the prime factors of 50814.
2, 3, 941
What are the prime factors of 40?
2, 5
List the prime factors of 14820.
2, 3, 5, 13, 19
List the prime factors of 1394.
2, 17, 41
What are the prime factors of 2119?
13, 163
List the prime factors of 35636.
2, 59, 151
List the prime factors of 9932.
2, 13, 191
List the prime factors of 16980.
2, 3, 5, 283
List the prime factors of 44945.
5, 89, 101
What are the prime factors of 9155?
5, 1831
List the prime factors of 10196.
2, 2549
List the prime factors of 1731.
3, 577
List the prime factors of 856.
2, 107
List the prime factors of 43035.
3, 5, 19, 151
What are the prime factors of 844?
2, 211
List the prime factors of 8774.
2, 41, 107
List the prime factors of 786.
2, 3, 131
What are the prime factors of 3158?
2, 1579
What are the prime factors of 83830?
2, 5, 83, 101
What are the prime factors of 203?
7, 29
List the prime factors of 1635.
3, 5, 109
What are the prime factors of 69737?
69737
What are the prime factors of 748?
2, 11, 17
What are the prime factors of 4244?
2, 1061
What are the prime factors of 1019?
1019
What are the prime factors of 53906?
2, 26953
What are the prime factors of 1777?
1777
List the prime factors of 682.
2, 11, 31
List the prime factors of 2933.
7, 419
List the prime factors of 1829.
31, 59
What are the prime factors of 66593?
66593
What are the prime factors of 175?
5, 7
List the prime factors of 341.
11, 31
List the prime factors of 5170.
2, 5, 11, 47
List the prime factors of 7342.
2, 3671
What are the prime factors of 47149?
47149
List the prime factors of 887.
887
What are the prime factors of 22421?
7, 3203
What are the prime factors of 2194?
2, 1097
List the prime factors of 949.
13, 73
What are the prime factors of 74215?
5, 14843
List the prime factors of 35104.
2, 1097
List the prime factors of 630.
2, 3, 5, 7
List the prime factors of 8516.
2, 2129
List the prime factors of 20597.
43, 479
List the prime factors of 485.
5, 97
List the prime factors of 5921.
31, 191
What are the prime factors of 54383?
7, 17, 457
List the prime factors of 4642.
2, 11, 211
List the prime factors of 540.
2, 3, 5
List the prime factors of 1622.
2, 811
What are the prime factors of 337?
337
What are the prime factors of 694?
2, 347
List the prime factors of 2341.
2341
List the prime factors of 38095.
5, 19, 401
What are the prime factors of 2114?
2, 7, 151
List the prime factors of 14448.
2, 3, 7, 43
List the prime factors of 901.
17, 53
List the prime factors of 6551.
6551
List the prime factors of 4737.
3, 1579
What are the prime factors of 31248?
2, 3, 7, 31
List the prime factors of 4406.
2, 2203
List the prime factors of 2368.
2, 37
What are the prime factors of 2023?
7, 17
List the prime factors of 90247.
90247
What are the prime factors of 12216?
2, 3, 509
List the prime factors of 612.
2, 3, 17
What are the prime factors of 287?
7, 41
What are the prime factors of 446?
2, 223
List the prime factors of 96.
2, 3
List the prime factors of 1561.
7, 223
List the prime factors of 1069.
1069
What are the prime factors of 29592?
2, 3, 137
List the prime factors of 51544.
2, 17, 379
What are the prime factors of 165261?
3, 31, 1777
What are the prime factors of 17941?
7, 11, 233
List the prime factors of 714.
2, 3, 7, 17
What are the prime factors of 7882?
2, 7, 563
List the prime factors of 13223.
7, 1889
List the prime factors of 167.
167
List the prime factors of 22863.
3, 7621
List the prime factors of 1254.
2, 3, 11, 19
List the prime factors of 6313.
59, 107
List the prime factors of 28514.
2, 53, 269
What are the prime factors of 123750?
2, 3, 5, 11
What are the prime factors of 6121?
6121
What are the prime factors of 70346?
2, 17, 2069
What are the prime factors of 1988?
2, 7, 71
What are the prime factors of 118?
2, 59
What are the prime factors of 3699?
3, 137
List the prime factors of 194.
2, 97
What are the prime factors of 18892?
2, 4723
List the prime factors of 2308.
2, 577
What are the prime factors of 650?
2, 5, 13
What are the prime factors of 330?
2, 3, 5, 11
What are the prime factors of 14229?
3, 17, 31
What are the prime factors of 124?
2, 31
List the prime factors of 664.
2, 83
What are the prime factors of 69399?
3, 11, 701
List the prime factors of 7305.
3, 5, 487
List the prime factors of 3814.
2, 1907
What are the prime factors of 19388?
2, 37, 131
List the prime factors of 5094.
2, 3, 283
List the prime factors of 139358.
2, 59, 1181
What are the prime factors of 8699?
8699
List the prime factors of 5144.
2, 643
What are the prime factors of 106618?
2, 53309
What are the prime factors of 1708?
2, 7, 61
What are the prime factors of 17801?
7, 2543
What are the prime factors of 740?
2, 5, 37
What are the prime factors of 8084?
2, 43, 47
List the prime factors of 470.
2, 5, 47
List the prime factors of 7791.
3, 7, 53
What are the prime factors of 6445?
5, 1289
List the prime factors of 68744.
2, 13, 661
What are the prime factors of 1244?
2, 311
List the prime factors of 652.
2, 163
What are the prime factors of 8741?
8741
List the prime factors of 219.
3, 73
List the prime factors of 4740.
2, 3, 5, 79
What are the prime factors of 29362?
2, 53, 277
List the prime factors of 122215.
5, 24443
What are the prime factors of 1669?
1669
List the prime factors of 19943.
7, 11, 37
What are the prime factors of 1067?
11, 97
What are the prime factors of 1518?
2, 3, 11, 23
What are the prime factors of 1074?
2, 3, 179
List the prime factors of 38721.
3, 12907
What are the prime factors of 45951?
3, 17, 53
What are the prime factors of 4235?
5, 7, 11
List the prime factors of 2400.
2, 3, 5
List the prime factors of 2291.
29, 79
What are the prime factors of 1064?
2, 7, 19
What are the prime factors of 955?
5, 191
What are the prime factors of 1696?
2, 53
What are the prime factors of 5500?
2, 5, 11
What are the prime factors of 3965?
5, 13, 61
What are the prime factors of 1211?
7, 173
List the prime factors of 5960.
2, 5, 149
List the prime factors of 14112.
2, 3, 7
What are the prime factors of 55401?
3, 59, 313
What are the prime factors of 10967?
11, 997
List the prime factors of 504.
2, 3, 7
What are the prime factors of 94389?
3, 73, 431
List the prime factors of 5929.
7, 11
What are the prime factors of 11087?
11087
List the prime factors of 337.
337
List the prime factors of 1935.
3, 5, 43
What are the prime factors of 30992?
2, 13, 149
What are the prime factors of 53478?
2, 3, 2971
List the prime factors of 10922.
2, 43, 127
List the prime factors of 1298.
2, 11, 59
List the prime factors of 6567.
3, 11, 199
What are the prime factors of 1743?
3, 7, 83
List the prime factors of 776.
2, 97
What are the prime factors of 64143?
3, 7127
What are the prime factors of 661?
661
List the prime factors of 42800.
2, 5, 107
What are the prime factors of 1137?
3, 379
What are the prime factors of 18143?
18143
List the prime factors of 1160.
2, 5, 29
List the prime factors of 178.
2, 89
List the prime factors of 522.
2, 3, 29
What are the prime factors of 16?
2
List the prime factors of 3463.
3463
List the prime factors of 1157.
13, 89
List the prime factors of 8741.
8741
List the prime factors of 22562.
2, 29, 389
What are the prime factors of 514?
2, 257
What are the prime factors of 7397?
13, 569
List the prime factors of 16177.
7, 2311
List the prime factors of 99338.
2, 49669
List the prime factors of 12116.
2, 13, 233
List the